) = -z + 2. Let t be p(-4). Suppose t = 2*f + f. Suppose 2*g - 5*c - 33 = 0, f*g = -g - c + 24. What is the units digit of g?
9
Let v(y) = -y + 4 + 4 - 8. What is the tens digit of v(-13)?
1
Suppose 3*p + 10 = -z + 5*z, 2*p - 2*z = -4. Suppose -4*q + 21 = 3*l, p*l + 2*q = 4*l. Let o = l - -3. What is the units digit of o?
6
Let d(q) = -12*q - 1. What is the units digit of d(-3)?
5
Let w = 8 + -18. What is the units digit of (25/w)/(1/(-18))?
5
Let u(d) = d**3 - 3*d**2 + d + 1. Let h(w) = w**2 + 4. Let j be h(0). Let t = -1 + j. What is the units digit of u(t)?
4
Let b = 5 + 26. What is the tens digit of b?
3
Let s be (1 - -1) + 1 + -3. Suppose 5*a + 2*k - 3*k = s, 2*a = 2*k. Suppose 3*u = -q - 0 + 3, 5*q + 5*u - 35 = a. What is the units digit of q?
9
Let g = 9 + 13. What is the units digit of g?
2
Suppose 1 = 2*c - 3. Let o = 37 - c. Suppose 4*x + f - 6 = 5, 3*f = 5*x - o. What is the units digit of x?
4
Let n(m) = -m**3 + 32. What is the tens digit of n(0)?
3
Let i = -7 - -13. Let m = i + -4. What is the units digit of m?
2
Suppose -4*n - 18 = 2*k, -n - 4*k - 1 = 2*n. Let b = n + 7. What is the units digit of (3 + -2)*(1 + b)?
1
Suppose 0 = -5*k + 33 + 182. What is the tens digit of k?
4
Let v be ((-12)/(-2))/((-3)/2). Let p = -6 - v. What is the units digit of p/9 - 20/(-9)?
2
Suppose -4*r - 8 = m, 0 = 2*r - r + m + 2. Let g(o) = 2*o**2 + 3*o. Let s be g(r). Suppose -s*p - 4 = -14. What is the units digit of p?
5
Let c(a) = -a**2 - 6*a - 3. Let o be c(-5). Suppose o*m - 4 = -2*r, -5*r - 5*m = -3*r - 1. What is the units digit of (r/(-4))/(3/(-36))?
9
Let i = 7 + 3. Let k be i - (-1 + 1/(-1)). Suppose 5 = -r + k. What is the units digit of r?
7
Suppose 3*r - 71 - 39 = 5*p, -2*r + 68 = -2*p. Let o = 62 - r. What is the units digit of o?
2
Let u(v) be the second derivative of v**5/20 + v**4/3 - 5*v**3/6 + 7*v**2/2 + 7*v. What is the units digit of u(-5)?
7
Let t(d) = -d**2 + 4*d - 1. Suppose 2*j = 5*j. Suppose 5*b - b - 12 = j. What is the units digit of t(b)?
2
Let m(t) = 0 + t**2 - 3*t + 2 - 3 + 2. What is the units digit of m(4)?
5
Let l = 16 - -10. What is the units digit of l?
6
Let b = -8 - -35. Let p = 1 + b. What is the units digit of p?
8
Let a(z) = z**2 + 6*z + 9. Let s(r) = -1. Let l(g) = a(g) + 2*s(g). What is the units digit of l(-7)?
4
Let y(g) = 8*g**2 + 4*g - 15. What is the units digit of y(4)?
9
Let j(v) = v**3 + 4*v**2 - 5*v + 2. Let h be j(-5). Suppose 0*l = -h*l + 26. What is the units digit of l?
3
Suppose 4*r - 22 = 14. Let k(w) = w**2 - 4*w + 4. Let m be k(3). Let n = r - m. What is the units digit of n?
8
Let v = 1 - -2. Suppose -21 = -h + v*b, 0*b = 5*h - 4*b - 72. What is the tens digit of h?
1
Suppose -4*b = 42 - 10. Let n(g) = -g + 1. What is the units digit of n(b)?
9
Suppose 4*n = 5*q - 16, -4*n = -3*n + q + 4. Let b be (-25)/(-4) - (-1)/n. Suppose -2*l + 8 = 0, 0 = 2*u - 2*l + b*l - 20. What is the units digit of u?
2
Suppose 5*t + 4*s - 956 = 0, 3*t - 574 = -0*t - 2*s. What is the units digit of t?
2
Suppose -3*l + 3 = -2*l. Suppose l*u = 3*o + 24, 4*u - 47 = -0*u - o. What is the units digit of u?
1
Let t = -114 + 274. What is the hundreds digit of t?
1
Let u(n) = n**2 + 6*n - 8. Let f be u(-7). What is the units digit of (-4)/(-4) + (44 - f)?
6
What is the tens digit of 13 + 4 - (3 + 3)?
1
Let m(o) = -o**2 + 2*o. Suppose 4*j + 0*z - 2 = 2*z, 4*j - 4*z = -4. Let s be m(j). What is the units digit of (s + -1)/(2/(-18))?
9
Let g be ((-8)/10)/((-4)/240). Let i = -27 + g. What is the units digit of i?
1
Let k be 4/(2/(-1) + 3). Suppose 1 = -q - 3*x, -x - k*x - 13 = -4*q. What is the units digit of q?
2
Let z be 2/(-7 - -1)*-3. Let s(l) = -5*l + 0*l + 4*l - z. What is the units digit of s(-5)?
4
Suppose -3*v = -5*x + 462, v + 3*v + 16 = 0. Suppose 0*p + x = 5*p. What is the tens digit of p?
1
Let o(q) = q**2 + q + 20. What is the units digit of o(9)?
0
Suppose -14 = -2*t + 2. Let l(i) = -i**2 + 11*i + 1. What is the units digit of l(t)?
5
Let k = 95 - 53. What is the tens digit of k?
4
Let c(y) = y**3 - 5*y**2 - 1. Let s be c(6). Let h = s + -21. What is the units digit of h?
4
What is the hundreds digit of (-3)/(((-18)/1278)/(4/6))?
1
Let s be -8*(6/4 - 2). Suppose -s*l = -l. Suppose l*x - 51 = -3*x. What is the units digit of x?
7
Suppose 66 = -5*x + 166. Suppose 5*t - 155 = -4*d, 6*t + 3*d = 5*t + x. What is the units digit of t?
5
Let h = 42 - -39. What is the tens digit of h?
8
Let d(v) = -5*v + 2. Let k(t) = 4*t - 2. Let u(w) = 3*d(w) + 4*k(w). Suppose 2*o = 4 + 2. What is the units digit of u(o)?
1
Let o(y) = -1 - y**2 + 11 - 4 - y**3 + 9 - y. What is the units digit of o(0)?
5
Suppose 2*o = 3*o. Suppose o = p - 3, 0 = -5*w + 2*w + p + 24. What is the units digit of w?
9
Let d(k) = -17*k + 1. Let z be d(1). Let a be 90/(-4)*z/20. What is the units digit of 0 + (-7)/((-21)/a)?
6
Let r = -36 - -72. Let i = 8 + r. Suppose -3*n + i = -2*d, -22 = -5*n + d + 49. What is the tens digit of n?
1
Let w = 397 + -204. What is the units digit of w?
3
Suppose -8 = -2*o - 0*o. What is the units digit of o?
4
Let i be 0/2 - 48/(-2). What is the tens digit of (16/12)/(2/i)?
1
Let l(b) = -8*b - 13. What is the units digit of l(-8)?
1
Let f(k) be the first derivative of -k**4/4 + 2*k**3 + 5*k + 4. What is the units digit of f(6)?
5
Let q be (1 + 1 + -2)/1. Suppose q = z - 5*z + 52. What is the tens digit of z?
1
Let y(s) = -3*s**3 - 3*s**2 - s - 2. What is the units digit of y(-3)?
5
What is the tens digit of (20/(-6))/((-7)/21)?
1
Let c = 17 - -7. What is the units digit of c?
4
Let x(z) = 3*z - 4. What is the units digit of x(7)?
7
Suppose 0 = 5*w - 14 - 6. Suppose a + 2*r - 1 = 0, 0 = -2*a + 6*a + w*r - 16. What is the units digit of a?
7
Let x(k) = -k - 3. Let g be x(-6). Suppose 0 = -4*f + g*z - 82, 4*f - 2 = -z - 92. Let y = -10 - f. What is the units digit of y?
2
Let o(g) = 2*g - 7. Let d be o(8). Suppose -d = -r - 2*r. Suppose q + r = 4. What is the units digit of q?
1
Suppose -j - 9 = -0. Let u be 7/((3/j)/(-1)). What is the units digit of 1/(-3)*(3 - u)?
6
Suppose 5*c + 50 = 3*k - 65, 3*k = -3*c + 99. Suppose 3*a - 16 - k = 0. Let m = a + -9. What is the units digit of m?
8
Suppose 3*m - 3 - 6 = 0. Suppose -y = m*y + 40. What is the units digit of (-2)/4 + y/(-4)?
2
Suppose 0 = 5*g + 4*j - 116, 2*g - 5*g + 4*j + 76 = 0. What is the units digit of g?
4
What is the units digit of (-55)/(-3) + (-2)/6?
8
Let w = 11 + -9. Suppose w*j + 28 = 4*j. What is the units digit of j?
4
Let b(o) = -2*o**3 + 19*o**2 + 16*o - 30. What is the tens digit of b(9)?
9
Let q(u) = u. Let s(z) = -3*z - 1. Let o(x) = -4*q(x) - s(x). What is the units digit of o(-4)?
5
Suppose -2*f + 0*z + 81 = -z, 33 = f + z. Let a = f - 22. What is the tens digit of a?
1
Let h(w) = w**2 + w + 2. Let i be h(0). Let c = i - 1. What is the units digit of c?
1
Let o = -63 + 27. What is the tens digit of (-4 - o) + (-1 - 0)?
3
Suppose -3*x = -3*q + 12, -2*q + 3*x - 4 + 10 = 0. Let i = 10 - q. Let w = i - 1. What is the units digit of w?
3
Suppose 0 = -5*j + 5*h, -2*j + 7*h - 4 = 6*h. What is the units digit of ((-46)/j)/((-4)/(-8))?
3
Suppose 5 - 1 = 2*a - 2*d, -d + 1 = 0. Suppose -a*x + 7*x = 16. Suppose x*r = 4*n - 28, -2*n + 28 = 2*n + 3*r. What is the units digit of n?
7
Let p be (-3)/(-3) - 1 - 4. Let l = 7 + p. Suppose -3*a = -v + 2*a - 3, l*v - 4*a - 13 = 0. What is the units digit of v?
7
Suppose 20 = 3*u - 5*u. Let m = u + 22. What is the units digit of m?
2
Suppose -3*p - 9 + 4 = -5*i, -5*p - i + 29 = 0. Suppose 5*h = -4 + 19. Suppose -p*r + 8 = -h*r. What is the units digit of r?
4
Suppose -3*x + 2*c + 9 = -6*x, 17 = -5*x - 4*c. Let o = x + 1. Suppose o = -v - 0 + 1. What is the units digit of v?
1
Let a(z) be the second derivative of z**4/12 - z**3/3 + 2*z**2 - 2*z. Let q be a(3). Let g(d) = -d**3 + 6*d**2 + 9*d + 1. What is the tens digit of g(q)?
1
Let j(o) = -4*o**3 + 23*o**2 + 8*o - 25. Let w(u) = -u**3 + 6*u**2 + 2*u - 6. Let l(m) = -2*j(m) + 9*w(m). What is the units digit of l(8)?
2
Let y(m) = m + 1 - 1 + 2. Let h be y(-2). Suppose -2*i - 4*w + 26 = h, 2*i = -w - 0*w + 14. What is the units digit of i?
5
Let c be 8/(-3) + 6/9. What is the units digit of (10 - -1) + -1 + c?
8
Let v be 86/(-8) + 3/(-12). Let p be v/(-2) + (-6)/4. What is th